 30. Calculate the greatest common divisor of q and 70.
10
Let w = -8 - -38. Let q be ((-12)/9)/((-1)/w). Let f(r) = -59*r + 1. Let m be f(-1). Calculate the greatest common factor of q and m.
20
Let y be (5 - -1)*((-85)/(-15) - 5). Suppose -y*s = -5*i - 49, 5*s = s - i + 67. What is the highest common factor of s and 2?
2
Let n = -4 + 21. Let g = 1 + n. Suppose -5400 = -492*w + 462*w. What is the highest common divisor of w and g?
18
Let o = 17 - 16. Let b(y) = -y - 5. Let j be b(-4). Let k be (j - (-3)/6)*-16. Calculate the greatest common factor of o and k.
1
Suppose 14*u + 3*u = 340. Suppose 6 = -14*r + u. Calculate the greatest common factor of r and 1.
1
Let g(q) = -8*q**2 + 8*q**2 - 2*q**2 + 16*q + q**2 + 40. Let l be g(18). Calculate the highest common divisor of 8 and l.
4
Let j(y) be the second derivative of y**4/12 + y**3/3 - 2*y. Let n be j(-2). Suppose n = 2*h - 26 - 72. Calculate the highest common factor of 7 and h.
7
Let n be 27/6 - 2/4. Suppose n*y = -3*l - l - 60, -y - 27 = 5*l. Let f be (-1300)/y + 2/(-6). Calculate the greatest common divisor of f and 12.
12
Let m(l) = 4*l**2 - l - 10. Let u = 38 + -32. Let y be m(u). What is the greatest common divisor of y and 16?
16
Let f(k) = 139*k - 561. Let g be f(8). Calculate the highest common divisor of 87 and g.
29
Let n = -7 - -31. Suppose -2*x = 5*f + 12, 44*x - 46*x = 2*f. What is the greatest common factor of n and x?
4
Let q(m) = 2*m**2 + 11*m - 35. Let k = -43 + 55. Let i be q(k). What is the highest common divisor of 35 and i?
35
Suppose 3 = 12*x - 45. Let h = -33 + 17. Let b = 22 + h. Calculate the highest common factor of b and x.
2
Let v be (-1136)/(-52) + 2/13. Let c be 7 - 4 - (-1)/(-1) - -9. What is the greatest common divisor of c and v?
11
Let t be (16/168 - (-183)/63)*13. Calculate the highest common divisor of t and 91.
13
Let u = 615 - 323. What is the greatest common factor of u and 4?
4
Suppose -3*z + 8 + 142 = 0. What is the greatest common factor of z and 140?
10
Suppose 0 = 3*q - 1 - 5. Suppose 2*n = -4*s + 4*n + 18, 0 = 3*s + q*n - 24. What is the greatest common divisor of s and 54?
6
Let r(a) = 15*a**2 + 2*a - 5. Let k be r(-5). Suppose -2*g = -17*c + 15*c + 78, 3*g - 171 = -5*c. Calculate the highest common divisor of k and c.
36
Let i be 27/(-1*(-12)/32). Suppose 33 = 4*m - 3. Calculate the greatest common factor of i and m.
9
Let b be 108*-3*(-4)/24. Suppose -b = -9*n + 6*n. Let d(h) = -h**2 + 10*h - 3. Let g be d(7). Calculate the highest common factor of g and n.
18
Suppose 2*o - 115 = 5. Let p = 14 - 7. Let t = p - -8. Calculate the greatest common factor of o and t.
15
Let d be 3 - (6/(-12))/(2/8). Suppose 4*l + 3*m + 0*m = 318, 0 = l + d*m - 71. Calculate the greatest common factor of l and 9.
9
Suppose 7*q - 384 - 113 = 0. Let w = -29 + q. Calculate the highest common divisor of 294 and w.
42
Let k(x) = x**3 + 2*x**2 - 6*x - 3. Suppose 4*p + 2*g + 4 = -12, 4*p + 3*g + 18 = 0. Let z be k(p). Calculate the highest common factor of z and 12.
6
Let v be 3/6*(-49700)/(-35). Calculate the highest common divisor of 213 and v.
71
Let k = -157 + 167. Let q(g) be the second derivative of g**3/3 - 9*g**2/2 + g. Let y be q(k). What is the greatest common divisor of 1 and y?
1
Suppose -t = 2*l + l - 130, 3*t = -4*l + 395. Calculate the highest common factor of t and 28.
7
Let r be 7/(28/(-92))*(-3 - -2). What is the greatest common factor of 368 and r?
23
Suppose -12 = -q - 1. Let o be 0 - -2*(-15)/(-6). Let t be -1 + o - (1 + -74). Calculate the greatest common divisor of q and t.
11
Suppose -196*o + 200*o - 896 = 0. What is the greatest common factor of 84 and o?
28
Suppose 5*p - 5*w = 105, 6*p - 73 = 3*p - 2*w. Let i = 11 + -18. Let o be 119 + 0 + 3 + i. What is the greatest common factor of p and o?
23
Let l be 1/4 - (46/(-8) + 4). Let a be (1/l)/((-11)/(-638)). What is the highest common factor of a and 319?
29
Suppose 0 = 8*i - 7*i - 3. Suppose 0 = -i*y - y. Suppose -5*b + 3*x + 219 = y, -4*b = b - 2*x - 216. Calculate the highest common divisor of 7 and b.
7
Let f = 124 + -101. Suppose 26*c - 228 = f*c. Calculate the highest common divisor of c and 38.
38
Suppose 46*b - 4797 = 7*b. Calculate the greatest common divisor of 164 and b.
41
Let d = -338 + 410. Suppose -48 = -4*p + 4*z, -4*p - 3*z + 11 + 37 = 0. Calculate the greatest common factor of p and d.
12
Let o be 8/5 - 4/(-10) - 17. Let h be (-100)/o*24/20. What is the greatest common divisor of 8 and h?
8
Let w(d) = 6*d + 146*d**3 + 7*d + 14*d**2 - 145*d**3 + 5. Let r be -15 + 1 - (4 + -5). Let p be w(r). What is the highest common divisor of 2 and p?
1
Let t(s) = -s**3 - 2*s**2 + 12. Let l be t(-3). Let r(p) = -2*p - 31. Let a be r(-19). Calculate the highest common factor of l and a.
7
Let a = -793 + 898. Let i = 80 - 38. What is the highest common factor of a and i?
21
Let x be 74*1/2 - (-4 + 1). Let d(v) = 4*v**2 + 33*v - 22. Let s be d(-9). What is the highest common divisor of x and s?
5
Let i(f) = f**3 + f**2 - f + 8. Let z be ((-1)/2)/(1/(-4)). Suppose 4*s = z*s. Let y be i(s). Calculate the highest common factor of 40 and y.
8
Let d(g) = -g**2 + g - 19. Let u be d(-4). Let y = u + 84. What is the highest common factor of y and 5?
5
Let h(x) = -x - 1. Let g(f) = 2*f - 1. Let m be g(-1). Let u be h(m). Suppose -n - u = -3. What is the greatest common divisor of 7 and n?
1
Suppose -15*p + 1233 + 342 = 0. What is the highest common divisor of p and 63?
21
Let f = 223 + 83. Suppose -f = -5*p + 219. Suppose -25 = -3*j + 38. Calculate the greatest common divisor of j and p.
21
Let t(y) = 3*y**2 - 16*y + 29. Let j be t(5). What is the greatest common factor of 6 and j?
6
Let b(y) = 3*y + 69. Let i be b(-17). Calculate the highest common divisor of i and 12.
6
Suppose -8*d + 100 = -60. What is the greatest common factor of 4 and d?
4
Let p(v) = -v**3 + 110. Let o be p(0). Suppose -40 = -2*g + w + o, g = w + 75. Let b be (75/(-4))/((-51)/136). Calculate the greatest common divisor of b and g.
25
Suppose -149 = -2*u - 63. Let j = u - 42. What is the greatest common factor of 11 and j?
1
Let s(w) = -w**3 + 185. Let d be s(0). Suppose 0*n + 357 = -3*n + x, -4*n = 2*x + 476. Let c = d + n. Calculate the highest common divisor of c and 11.
11
Let y(o) = -o**3 - 5*o**2 - 12*o - 12. Let l be y(-4). Calculate the greatest common divisor of 4 and l.
4
Let q be 4/12 - 28/(-6). Suppose 0 = q*b + 15 + 5. Let c be ((-35)/(-14))/((-1)/b). What is the greatest common factor of c and 10?
10
Suppose c + 2*c - 9 = 0. Suppose 0*o + c*o - 61 = 5*w, -2*o + 4*w + 38 = 0. Let g(p) = -19*p - 1. Let m be g(-1). What is the highest common factor of o and m?
9
Let k = -2829 - -2929. What is the greatest common factor of 3200 and k?
100
Let c = -1279 - -1307. Calculate the highest common factor of 2 and c.
2
Let o = -272 - -460. What is the greatest common divisor of 47 and o?
47
Let g be (-27)/(-6) + (-9)/6 - 2. Calculate the greatest common factor of 64 and g.
1
Let u = 28 - -4. Suppose 3*g + 18 = 3*t, 10*t - 11*t + 14 = -5*g. Calculate the highest common factor of u and t.
4
Suppose 0 = -4*g + g + 72. Suppose 6*r - 8*r + g = 0. What is the greatest common divisor of 96 and r?
12
Let o = 236 + -216. Calculate the highest common divisor of o and 28.
4
Suppose 5*k + 20 = w + 49, -k = 2*w + 3. Let u be 218 - (-5)/(-10)*w. Calculate the greatest common factor of 44 and u.
44
Let t(k) = -8*k - 4*k**2 + k - 15 + 6*k**2 + 27*k. Let j be t(-12). What is the highest common divisor of j and 132?
33
Let q(v) = 41*v**2 - 386*v + 12. Let d be q(10). Calculate the greatest common divisor of d and 49.
7
Let k(c) = 5 + 95*c**2 - 7 + 3. Let a(s) = s + 1. Let w(h) = -2*a(h) + k(h). Let u be w(-1). What is the greatest common divisor of 12 and u?
12
Let s(l) = -l**3 + 14*l**2 - 11*l - 2. Let t be s(13). What is the highest common factor of t and 2424?
24
Let q(n) = -92*n - 8. Let r be q(-1). Calculate the highest common factor of 294 and r.
42
Let u(k) = -2*k + 37. Let q be u(9). What is the highest common factor of q and 323?
19
Suppose -2*a + 10 = 0, -2*a + 53 = 2*w + a. Let n = w + -16. What is the highest common divisor of 3 and n?
3
Suppose -56 = -4*q + 2*q. Let t(g) = 9*g - 10. Let u(m) = m - 1. Let k(b) = 2*t(b) - 22*u(b). Let v b